{"id":15833,"date":"2022-06-22T10:14:38","date_gmt":"2022-06-22T08:14:38","guid":{"rendered":"http:\/\/www.balancepraxis-andreabraun.de\/praxis\/404-fehlerseite\/"},"modified":"2025-01-29T22:39:50","modified_gmt":"2025-01-29T21:39:50","slug":"hand_in_hand","status":"publish","type":"page","link":"https:\/\/www.balancepraxis-andreabraun.de\/praxis\/hand_in_hand\/","title":{"rendered":"Hand in Hand"},"content":{"rendered":"<section class=\"wpb-content-wrapper\"><p>[vc_section full_width=&#8221;stretch_row&#8221; content_placement=&#8221;middle&#8221; css=&#8221;.vc_custom_1657553352044{background-color: rgba(255,255,255,0.8) !important;background-position: 0 0 !important;background-repeat: no-repeat !important;*background-color: rgb(255,255,255) !important;}&#8221;][vc_row][vc_column width=&#8221;1\/2&#8243;]<div id=\"1674747548024-13162f0f-34bb\" class=\"dt-sc-empty-space\"><\/div>[vc_single_image image=&#8221;16916&#8243; img_size=&#8221;768&#215;488&#8243; alignment=&#8221;center&#8221;][\/vc_column][vc_column width=&#8221;1\/2&#8243;]<div id=\"1674747358059-f6693cef-a978\" class=\"dt-sc-empty-space\"><\/div><div class='dt-sc-title with-two-border with-sub-title '><h2>Melina-Isabelle-Netzwerk<\/h2><h4>Sch\u00f6nheit.Spiritualit\u00e4t.Netzwerk<\/h4><\/div>[vc_column_text]<\/p>\n<div class=\"elementor-element elementor-element-ba1daf6 elementor-widget elementor-widget-text-editor animated fadeInUp\" data-id=\"ba1daf6\" data-element_type=\"widget\" data-settings=\"{&quot;_animation&quot;:&quot;fadeInUp&quot;}\" data-widget_type=\"text-editor.default\">\n<div class=\"elementor-widget-container\">\n<p>Melinas Konzept steht f\u00fcr Sch\u00f6nheit, Spiritualit\u00e4t und Netzwerk, um das WIR-Gef\u00fchl zu st\u00e4rken und Verbindungen zu erm\u00f6glichen. Die Zugeh\u00f6rigkeit der 3 Bereiche sind f\u00fcr ein harmonisches Wohlgef\u00fchl der Stimmigkeit entscheidend.<\/p>\n<p>Finden wir Balance im Innen, so zeigen wir dies im Au\u00dfen.<br \/>\nWir selbst \u201em\u00fcssen\u201c in unsere Verbundenheit finden, um so die Leichtigkeit zu erfahren und dem Fluss des Lebens seine Freiheit zu gew\u00e4hren.<\/p>\n<p><a href=\"https:\/\/melina-isabelle-netzwerk.de\/\">Melina Isabelle lifestyle<\/a> \u00f6ffnet auf verschiedenen Ebenen die T\u00fcren.<\/p>\n<p>&nbsp;<\/p>\n<\/div>\n<\/div>\n<p>[\/vc_column_text][\/vc_column][vc_column][vc_row_inner][vc_column_inner width=&#8221;1\/2&#8243;][\/vc_column_inner][vc_column_inner width=&#8221;1\/2&#8243;][\/vc_column_inner][\/vc_row_inner][vc_separator color=&#8221;chino&#8221; border_width=&#8221;3&#8243;][\/vc_column][\/vc_row][vc_row][vc_column][\/vc_column][\/vc_row][\/vc_section][vc_section full_width=&#8221;stretch_row&#8221; content_placement=&#8221;middle&#8221; css=&#8221;.vc_custom_1657553352044{background-color: rgba(255,255,255,0.8) !important;background-position: 0 0 !important;background-repeat: no-repeat !important;*background-color: rgb(255,255,255) !important;}&#8221;][vc_row][vc_column width=&#8221;1\/2&#8243;]<div id=\"1738185334598-81b24ef8-0fec\" class=\"dt-sc-empty-space\"><\/div>[vc_single_image image=&#8221;15653&#8243; img_size=&#8221;500&#215;250&#8243; alignment=&#8221;center&#8221;][\/vc_column][vc_column width=&#8221;1\/2&#8243;]<div id=\"1738185334743-5b8f8a10-bb63\" class=\"dt-sc-empty-space\"><\/div><div class='dt-sc-title with-two-border with-sub-title '><h2>Waldtor - Ort der Begegnung<\/h2><h4>Kraft tanken in der Natur<\/h4><\/div>[vc_column_text]<span style=\"color: #333333;\">Du suchst einen Ort, an dem Du zur Ruhe finden und Kraft tanken kannst, in der Natur oder bei einer wunder-voll entspannenden Massage. Dann bist Du im <a style=\"color: #333333;\" href=\"http:\/\/www.waldtor.de\">Waldtor<\/a> genau richtig. Schon im ersten Moment, wenn ich dort ankomme, f\u00fchle ich mich wie in einer anderen Welt. Janine und Andreas sind zwei wunder-volle Menschen, die ihre G\u00e4ste herzlich willkommen hei\u00dfen.<\/span>[\/vc_column_text][\/vc_column][vc_column][vc_row_inner][vc_column_inner width=&#8221;1\/2&#8243;][\/vc_column_inner][vc_column_inner width=&#8221;1\/2&#8243;][\/vc_column_inner][\/vc_row_inner][\/vc_column][\/vc_row][vc_row][vc_column][\/vc_column][\/vc_row][\/vc_section][vc_section full_width=&#8221;stretch_row&#8221; content_placement=&#8221;middle&#8221; css=&#8221;.vc_custom_1657553352044{background-color: rgba(255,255,255,0.8) !important;background-position: 0 0 !important;background-repeat: no-repeat !important;*background-color: rgb(255,255,255) !important;}&#8221;][vc_row][vc_column width=&#8221;1\/2&#8243;][vc_separator color=&#8221;chino&#8221; border_width=&#8221;3&#8243;]<div id=\"1687259517407-16a0a9d6-54e7\" class=\"dt-sc-empty-space\"><\/div>[vc_single_image image=&#8221;16680&#8243; img_size=&#8221;472&#215;166&#8243; alignment=&#8221;center&#8221;][\/vc_column][vc_column width=&#8221;1\/2&#8243;][vc_separator color=&#8221;chino&#8221; border_width=&#8221;3&#8243;]<div id=\"1687259517638-1ffae664-d4c0\" class=\"dt-sc-empty-space\"><\/div><div class='dt-sc-title with-two-border with-sub-title '><h2>SONNENTOR - Haueneberstein<\/h2><h4>Entspannung und Bewegung<\/h4><\/div>[vc_column_text]<span style=\"color: #333333;\">Das <strong><a style=\"color: #333333;\" href=\"https:\/\/sonnentor-haueneberstein.de\/\">SONNENTOR<\/a><\/strong> in Haueneberstein bietet ein vielseitiges Angebot f\u00fcr Bewegung und Entspannung. Neben QIGONG und T&#8217;AI CHI gibt es Kurse in Yoga, Pilates und Bauchtanz, Meditation und Heilsames Singen werden ebenfalls angeboten. Jeder ist herzlich willkommen, und Schnupperstunden sind nach Absprache m\u00f6glich.<\/span>[\/vc_column_text][\/vc_column][vc_column][vc_row_inner][vc_column_inner width=&#8221;1\/2&#8243;][\/vc_column_inner][vc_column_inner width=&#8221;1\/2&#8243;][\/vc_column_inner][\/vc_row_inner][\/vc_column][\/vc_row][vc_row][vc_column][\/vc_column][\/vc_row][\/vc_section][vc_section full_width=&#8221;stretch_row&#8221; content_placement=&#8221;middle&#8221; css=&#8221;.vc_custom_1657553352044{background-color: rgba(255,255,255,0.8) !important;background-position: 0 0 !important;background-repeat: no-repeat !important;*background-color: rgb(255,255,255) !important;}&#8221;][vc_row][vc_column][\/vc_column][\/vc_row][\/vc_section][vc_section full_width=&#8221;stretch_row&#8221; content_placement=&#8221;middle&#8221; css=&#8221;.vc_custom_1657553352044{background-color: rgba(255,255,255,0.8) !important;background-position: 0 0 !important;background-repeat: no-repeat !important;*background-color: rgb(255,255,255) !important;}&#8221;][vc_row][vc_column width=&#8221;1\/2&#8243;][vc_separator color=&#8221;chino&#8221; border_width=&#8221;3&#8243;]<div id=\"1684259696149-f1c0aabc-3acb\" class=\"dt-sc-empty-space\"><\/div>[vc_single_image image=&#8221;16244&#8243; img_size=&#8221;500&#215;100&#8243; alignment=&#8221;center&#8221;][\/vc_column][vc_column width=&#8221;1\/2&#8243;][vc_separator color=&#8221;chino&#8221; border_width=&#8221;3&#8243;]<div id=\"1684259696316-85929a3e-3a4b\" class=\"dt-sc-empty-space\"><\/div><div class='dt-sc-title with-two-border with-sub-title '><h2>Animap.info<\/h2><h4>Diskriminierungsfreies Branchenportal<\/h4><\/div>[vc_column_text]<span style=\"color: #333333;\"><strong>Du bist noch nicht bei <a style=\"color: #333333;\" href=\"https:\/\/animap.info\/\">ANIMAP<\/a>?<\/strong><\/span><br \/>\n<span style=\"color: #333333;\">Registriere jetzt und kostenlos dein Unternehmen und werde Teil einer Community, welche die W\u00fcrde des Menschen h\u00f6her achtet als haltlose und diskriminierende Massnahmen und Regeln. Heute unterst\u00fctzen bereits <strong>8094 <\/strong><strong>Unternehmen\u00a0<\/strong>unsere Initiative.<\/span>[\/vc_column_text][\/vc_column][\/vc_row][vc_row][vc_column width=&#8221;1\/2&#8243;][vc_separator color=&#8221;chino&#8221; border_width=&#8221;3&#8243;][\/vc_column][vc_column width=&#8221;1\/2&#8243;][vc_separator color=&#8221;chino&#8221; border_width=&#8221;3&#8243;][\/vc_column][\/vc_row][\/vc_section][vc_section full_width=&#8221;stretch_row&#8221; content_placement=&#8221;middle&#8221; css=&#8221;.vc_custom_1657553352044{background-color: rgba(255,255,255,0.8) !important;background-position: 0 0 !important;background-repeat: no-repeat !important;*background-color: rgb(255,255,255) !important;}&#8221;][vc_row][vc_column width=&#8221;1\/2&#8243;]<div id=\"1676829947838-a2f3aa08-fb56\" class=\"dt-sc-empty-space\"><\/div>[vc_single_image image=&#8221;16249&#8243; img_size=&#8221;900&#215;500&#8243; alignment=&#8221;center&#8221; css=&#8221;.vc_custom_1687361622787{padding-bottom: 40px !important;}&#8221;][\/vc_column][vc_column width=&#8221;1\/2&#8243;]<div id=\"1676829948006-85f87395-7719\" class=\"dt-sc-empty-space\"><\/div><div class='dt-sc-title with-two-border with-sub-title '><h2>99active - Marktplatz<\/h2><h4>Indoor und Outdoor Erlebnisse<\/h4><\/div>[vc_column_text]<\/p>\n<div class=\"col-sm\">\n<h2 class=\"text-primary h5 text-center mb-4\"><\/h2>\n<p><span style=\"color: #333333;\">Mit <a style=\"color: #333333;\" href=\"https:\/\/99active.com\/de\">99active<\/a> wollen wir die t\u00e4gliche Stunde Urlaub in den Tag bringen. Jeder kann an Indoor und Outdoor Aktivit\u00e4ten teilnehmen. Und jeder, der sein Talent gefunden hat, kann Erlebnisse anbieten. Erlebnisse, Abenteuer, Touren nennen wir <span class=\"act\">acts<\/span>. Wir haben es uns zur Aufgabe gemacht, das Leben aktiver werden zu lassen und Menschen aller Altersklassen bei wundersch\u00f6nen gemeinsam erlebten Momente zu verbinden.<\/span><\/p>\n<\/div>\n<p>[\/vc_column_text][\/vc_column][\/vc_row][\/vc_section][vc_row][vc_column][vc_separator color=&#8221;chino&#8221; border_width=&#8221;3&#8243;][\/vc_column][\/vc_row]<\/p>\n<\/section>","protected":false},"excerpt":{"rendered":"<p>[vc_section full_width=&#8221;stretch_row&#8221; content_placement=&#8221;middle&#8221; css=&#8221;.vc_custom_1657553352044{background-color: rgba(255,255,255,0.8) !important;background-position: 0 0 !important;background-repeat: no-repeat !important;*background-color: rgb(255,255,255) !important;}&#8221;][vc_row][vc_column width=&#8221;1\/2&#8243;][vc_single_image image=&#8221;16916&#8243; img_size=&#8221;768&#215;488&#8243; alignment=&#8221;center&#8221;][\/vc_column][vc_column width=&#8221;1\/2&#8243;][vc_column_text] Melinas Konzept steht f\u00fcr Sch\u00f6nheit, Spiritualit\u00e4t und Netzwerk, um das WIR-Gef\u00fchl zu st\u00e4rken und Verbindungen zu erm\u00f6glichen. Die Zugeh\u00f6rigkeit der 3 Bereiche sind f\u00fcr ein harmonisches Wohlgef\u00fchl der Stimmigkeit entscheidend. Finden wir Balance im Innen, so zeigen [&hellip;]<\/p>\n","protected":false},"author":1,"featured_media":0,"parent":0,"menu_order":0,"comment_status":"closed","ping_status":"closed","template":"","meta":{"footnotes":""},"class_list":["post-15833","page","type-page","status-publish","hentry"],"_links":{"self":[{"href":"https:\/\/www.balancepraxis-andreabraun.de\/praxis\/wp-json\/wp\/v2\/pages\/15833","targetHints":{"allow":["GET"]}}],"collection":[{"href":"https:\/\/www.balancepraxis-andreabraun.de\/praxis\/wp-json\/wp\/v2\/pages"}],"about":[{"href":"https:\/\/www.balancepraxis-andreabraun.de\/praxis\/wp-json\/wp\/v2\/types\/page"}],"author":[{"embeddable":true,"href":"https:\/\/www.balancepraxis-andreabraun.de\/praxis\/wp-json\/wp\/v2\/users\/1"}],"replies":[{"embeddable":true,"href":"https:\/\/www.balancepraxis-andreabraun.de\/praxis\/wp-json\/wp\/v2\/comments?post=15833"}],"version-history":[{"count":106,"href":"https:\/\/www.balancepraxis-andreabraun.de\/praxis\/wp-json\/wp\/v2\/pages\/15833\/revisions"}],"predecessor-version":[{"id":16920,"href":"https:\/\/www.balancepraxis-andreabraun.de\/praxis\/wp-json\/wp\/v2\/pages\/15833\/revisions\/16920"}],"wp:attachment":[{"href":"https:\/\/www.balancepraxis-andreabraun.de\/praxis\/wp-json\/wp\/v2\/media?parent=15833"}],"curies":[{"name":"wp","href":"https:\/\/api.w.org\/{rel}","templated":true}]}}

<section class="wpb-content-wrapper"><p>[vc_section full_width=&#8221;stretch_row&#8221; content_placement=&#8221;middle&#8221; css=&#8221;.vc_custom_1657553352044{background-color: rgba(255,255,255,0.8) !important;background-position: 0 0 !important;background-repeat: no-repeat !important;*background-color: rgb(255,255,255) !important;}&#8221;][vc_row][vc_column width=&#8221;1/2&#8243;]<div id="1674747548024-13162f0f-34bb" class="dt-sc-empty-space"></div>[vc_single_image image=&#8221;16916&#8243; img_size=&#8221;768&#215;488&#8243; alignment=&#8221;center&#8221;][/vc_column][vc_column width=&#8221;1/2&#8243;]<div id="1674747358059-f6693cef-a978" class="dt-sc-empty-space"></div><div class='dt-sc-title with-two-border with-sub-title '><h2>Melina-Isabelle-Netzwerk</h2><h4>Schönheit.Spiritualität.Netzwerk</h4></div>[vc_column_text]</p>
<div class="elementor-element elementor-element-ba1daf6 elementor-widget elementor-widget-text-editor animated fadeInUp" data-id="ba1daf6" data-element_type="widget" data-settings="{&quot;_animation&quot;:&quot;fadeInUp&quot;}" data-widget_type="text-editor.default">
<div class="elementor-widget-container">
<p>Melinas Konzept steht für Schönheit, Spiritualität und Netzwerk, um das WIR-Gefühl zu stärken und Verbindungen zu ermöglichen. Die Zugehörigkeit der 3 Bereiche sind für ein harmonisches Wohlgefühl der Stimmigkeit entscheidend.</p>
<p>Finden wir Balance im Innen, so zeigen wir dies im Außen.<br />
Wir selbst „müssen“ in unsere Verbundenheit finden, um so die Leichtigkeit zu erfahren und dem Fluss des Lebens seine Freiheit zu gewähren.</p>
<p><a href="https://melina-isabelle-netzwerk.de/">Melina Isabelle lifestyle</a> öffnet auf verschiedenen Ebenen die Türen.</p>
<p>&nbsp;</p>
</div>
</div>
<p>[/vc_column_text][/vc_column][vc_column][vc_row_inner][vc_column_inner width=&#8221;1/2&#8243;][/vc_column_inner][vc_column_inner width=&#8221;1/2&#8243;][/vc_column_inner][/vc_row_inner][vc_separator color=&#8221;chino&#8221; border_width=&#8221;3&#8243;][/vc_column][/vc_row][vc_row][vc_column][/vc_column][/vc_row][/vc_section][vc_section full_width=&#8221;stretch_row&#8221; content_placement=&#8221;middle&#8221; css=&#8221;.vc_custom_1657553352044{background-color: rgba(255,255,255,0.8) !important;background-position: 0 0 !important;background-repeat: no-repeat !important;*background-color: rgb(255,255,255) !important;}&#8221;][vc_row][vc_column width=&#8221;1/2&#8243;]<div id="1738185334598-81b24ef8-0fec" class="dt-sc-empty-space"></div>[vc_single_image image=&#8221;15653&#8243; img_size=&#8221;500&#215;250&#8243; alignment=&#8221;center&#8221;][/vc_column][vc_column width=&#8221;1/2&#8243;]<div id="1738185334743-5b8f8a10-bb63" class="dt-sc-empty-space"></div><div class='dt-sc-title with-two-border with-sub-title '><h2>Waldtor - Ort der Begegnung</h2><h4>Kraft tanken in der Natur</h4></div>[vc_column_text]<span style="color: #333333;">Du suchst einen Ort, an dem Du zur Ruhe finden und Kraft tanken kannst, in der Natur oder bei einer wunder-voll entspannenden Massage. Dann bist Du im <a style="color: #333333;" href="http://www.waldtor.de">Waldtor</a> genau richtig. Schon im ersten Moment, wenn ich dort ankomme, fühle ich mich wie in einer anderen Welt. Janine und Andreas sind zwei wunder-volle Menschen, die ihre Gäste herzlich willkommen heißen.</span>[/vc_column_text][/vc_column][vc_column][vc_row_inner][vc_column_inner width=&#8221;1/2&#8243;][/vc_column_inner][vc_column_inner width=&#8221;1/2&#8243;][/vc_column_inner][/vc_row_inner][/vc_column][/vc_row][vc_row][vc_column][/vc_column][/vc_row][/vc_section][vc_section full_width=&#8221;stretch_row&#8221; content_placement=&#8221;middle&#8221; css=&#8221;.vc_custom_1657553352044{background-color: rgba(255,255,255,0.8) !important;background-position: 0 0 !important;background-repeat: no-repeat !important;*background-color: rgb(255,255,255) !important;}&#8221;][vc_row][vc_column width=&#8221;1/2&#8243;][vc_separator color=&#8221;chino&#8221; border_width=&#8221;3&#8243;]<div id="1687259517407-16a0a9d6-54e7" class="dt-sc-empty-space"></div>[vc_single_image image=&#8221;16680&#8243; img_size=&#8221;472&#215;166&#8243; alignment=&#8221;center&#8221;][/vc_column][vc_column width=&#8221;1/2&#8243;][vc_separator color=&#8221;chino&#8221; border_width=&#8221;3&#8243;]<div id="1687259517638-1ffae664-d4c0" class="dt-sc-empty-space"></div><div class='dt-sc-title with-two-border with-sub-title '><h2>SONNENTOR - Haueneberstein</h2><h4>Entspannung und Bewegung</h4></div>[vc_column_text]<span style="color: #333333;">Das <strong><a style="color: #333333;" href="https://sonnentor-haueneberstein.de/">SONNENTOR</a></strong> in Haueneberstein bietet ein vielseitiges Angebot für Bewegung und Entspannung. Neben QIGONG und T&#8217;AI CHI gibt es Kurse in Yoga, Pilates und Bauchtanz, Meditation und Heilsames Singen werden ebenfalls angeboten. Jeder ist herzlich willkommen, und Schnupperstunden sind nach Absprache möglich.</span>[/vc_column_text][/vc_column][vc_column][vc_row_inner][vc_column_inner width=&#8221;1/2&#8243;][/vc_column_inner][vc_column_inner width=&#8221;1/2&#8243;][/vc_column_inner][/vc_row_inner][/vc_column][/vc_row][vc_row][vc_column][/vc_column][/vc_row][/vc_section][vc_section full_width=&#8221;stretch_row&#8221; content_placement=&#8221;middle&#8221; css=&#8221;.vc_custom_1657553352044{background-color: rgba(255,255,255,0.8) !important;background-position: 0 0 !important;background-repeat: no-repeat !important;*background-color: rgb(255,255,255) !important;}&#8221;][vc_row][vc_column][/vc_column][/vc_row][/vc_section][vc_section full_width=&#8221;stretch_row&#8221; content_placement=&#8221;middle&#8221; css=&#8221;.vc_custom_1657553352044{background-color: rgba(255,255,255,0.8) !important;background-position: 0 0 !important;background-repeat: no-repeat !important;*background-color: rgb(255,255,255) !important;}&#8221;][vc_row][vc_column width=&#8221;1/2&#8243;][vc_separator color=&#8221;chino&#8221; border_width=&#8221;3&#8243;]<div id="1684259696149-f1c0aabc-3acb" class="dt-sc-empty-space"></div>[vc_single_image image=&#8221;16244&#8243; img_size=&#8221;500&#215;100&#8243; alignment=&#8221;center&#8221;][/vc_column][vc_column width=&#8221;1/2&#8243;][vc_separator color=&#8221;chino&#8221; border_width=&#8221;3&#8243;]<div id="1684259696316-85929a3e-3a4b" class="dt-sc-empty-space"></div><div class='dt-sc-title with-two-border with-sub-title '><h2>Animap.info</h2><h4>Diskriminierungsfreies Branchenportal</h4></div>[vc_column_text]<span style="color: #333333;"><strong>Du bist noch nicht bei <a style="color: #333333;" href="https://animap.info/">ANIMAP</a>?</strong></span><br />
<span style="color: #333333;">Registriere jetzt und kostenlos dein Unternehmen und werde Teil einer Community, welche die Würde des Menschen höher achtet als haltlose und diskriminierende Massnahmen und Regeln. Heute unterstützen bereits <strong>8094 </strong><strong>Unternehmen </strong>unsere Initiative.</span>[/vc_column_text][/vc_column][/vc_row][vc_row][vc_column width=&#8221;1/2&#8243;][vc_separator color=&#8221;chino&#8221; border_width=&#8221;3&#8243;][/vc_column][vc_column width=&#8221;1/2&#8243;][vc_separator color=&#8221;chino&#8221; border_width=&#8221;3&#8243;][/vc_column][/vc_row][/vc_section][vc_section full_width=&#8221;stretch_row&#8221; content_placement=&#8221;middle&#8221; css=&#8221;.vc_custom_1657553352044{background-color: rgba(255,255,255,0.8) !important;background-position: 0 0 !important;background-repeat: no-repeat !important;*background-color: rgb(255,255,255) !important;}&#8221;][vc_row][vc_column width=&#8221;1/2&#8243;]<div id="1676829947838-a2f3aa08-fb56" class="dt-sc-empty-space"></div>[vc_single_image image=&#8221;16249&#8243; img_size=&#8221;900&#215;500&#8243; alignment=&#8221;center&#8221; css=&#8221;.vc_custom_1687361622787{padding-bottom: 40px !important;}&#8221;][/vc_column][vc_column width=&#8221;1/2&#8243;]<div id="1676829948006-85f87395-7719" class="dt-sc-empty-space"></div><div class='dt-sc-title with-two-border with-sub-title '><h2>99active - Marktplatz</h2><h4>Indoor und Outdoor Erlebnisse</h4></div>[vc_column_text]</p>
<div class="col-sm">
<h2 class="text-primary h5 text-center mb-4"></h2>
<p><span style="color: #333333;">Mit <a style="color: #333333;" href="https://99active.com/de">99active</a> wollen wir die tägliche Stunde Urlaub in den Tag bringen. Jeder kann an Indoor und Outdoor Aktivitäten teilnehmen. Und jeder, der sein Talent gefunden hat, kann Erlebnisse anbieten. Erlebnisse, Abenteuer, Touren nennen wir <span class="act">acts</span>. Wir haben es uns zur Aufgabe gemacht, das Leben aktiver werden zu lassen und Menschen aller Altersklassen bei wunderschönen gemeinsam erlebten Momente zu verbinden.</span></p>
</div>
<p>[/vc_column_text][/vc_column][/vc_row][/vc_section][vc_row][vc_column][vc_separator color=&#8221;chino&#8221; border_width=&#8221;3&#8243;][/vc_column][/vc_row]</p>
</section>

<p>[vc_section full_width=&#8221;stretch_row&#8221; content_placement=&#8221;middle&#8221; css=&#8221;.vc_custom_1657553352044{background-color: rgba(255,255,255,0.8) !important;background-position: 0 0 !important;background-repeat: no-repeat !important;*background-color: rgb(255,255,255) !important;}&#8221;][vc_row][vc_column width=&#8221;1/2&#8243;][vc_single_image image=&#8221;16916&#8243; img_size=&#8221;768&#215;488&#8243; alignment=&#8221;center&#8221;][/vc_column][vc_column width=&#8221;1/2&#8243;][vc_column_text] Melinas Konzept steht für Schönheit, Spiritualität und Netzwerk, um das WIR-Gefühl zu stärken und Verbindungen zu ermöglichen. Die Zugehörigkeit der 3 Bereiche sind für ein harmonisches Wohlgefühl der Stimmigkeit entscheidend. Finden wir Balance im Innen, so zeigen [&hellip;]</p>
