{"id":16511,"date":"2023-11-02T16:43:04","date_gmt":"2023-11-02T15:43:04","guid":{"rendered":"https:\/\/www.balancepraxis-andreabraun.de\/praxis\/marmapunkt-fussmassage-2\/"},"modified":"2023-11-29T17:03:13","modified_gmt":"2023-11-29T16:03:13","slug":"atemorgan-fussmassage","status":"publish","type":"page","link":"https:\/\/www.balancepraxis-andreabraun.de\/praxis\/atemorgan-fussmassage\/","title":{"rendered":"Atemorgan-Fu\u00dfmassage"},"content":{"rendered":"<section class=\"wpb-content-wrapper\"><p>[vc_row css=&#8221;.vc_custom_1654791210593{margin-right: 30px !important;}&#8221;][vc_column width=&#8221;1\/4&#8243; css=&#8221;.vc_custom_1654848446948{padding-top: 30px !important;padding-bottom: 30px !important;background-color: rgba(255,255,255,0.8) !important;*background-color: rgb(255,255,255) !important;}&#8221;][vc_single_image image=&#8221;15686&#8243; img_size=&#8221;full&#8221; css=&#8221;.vc_custom_1654518065566{margin-bottom: 44px !important;}&#8221;]<div class='dt-sc-toggle-group-set  gray_bg'><div class=\"dt-sc-toggle-frame\">\t<h5 class='dt-sc-toggle'><a href='#'>Fu\u00dfmassage: ca. 60 Minuten 60 \u20ac<\/a><\/h5>\t<div class=\"dt-sc-toggle-content\" style=\"display: none;\">\t\t<div class=\"block\">Machen Sie Ihren Lieben eine Freude: Geschenkgutschein\t\t<\/div>\t<\/div><\/div><\/div>[\/vc_column][vc_column width=&#8221;3\/4&#8243; css=&#8221;.vc_custom_1654790340006{margin-left: 30px !important;padding-top: 30px !important;padding-right: 30px !important;padding-left: 40px !important;background-color: rgba(255,255,255,0.8) !important;*background-color: rgb(255,255,255) !important;}&#8221;]<h1>Atemorgan-Fu\u00dfmassage<\/h1>[vc_column_text css=&#8221;.vc_custom_1701273789137{margin-bottom: 10px !important;}&#8221;]<\/p>\n<p align=\"left\"><span style=\"font-family: DejaVu Sans, sans-serif; color: #333333;\"><span style=\"font-size: large;\">Atemwegserkrankungen geh\u00f6ren zu den h\u00e4ufigsten Krankheitsbildern des Menschen und sind sehr vielschichtig. <strong>Eine Ursache k\u00f6nnte sein, dass wir zu flach und unbewusst atmen.<\/strong><\/span><\/span><\/p>\n<p align=\"left\"><span style=\"font-family: DejaVu Sans, sans-serif; color: #333333;\"><span style=\"font-size: large;\">In der <strong>Atemorgan-Fu\u00dfmassage<\/strong> wird die Fu\u00dfreflexzonenmassage speziell im <strong>Bereich der Atemorgane<\/strong> durchgef\u00fchrt. <strong>Durch bestimmte Fu\u00dfgriffe, gepaart mit gleichzeitigen aktiven, tiefen und bewussten Atemz\u00fcgen des Klienten, werden alle Bereiche des Atemsystems gut bel\u00fcftet, und der Energiefluss wird angeregt.<\/strong><\/span><\/span><\/p>\n<p align=\"left\"><span style=\"font-family: DejaVu Sans, sans-serif; color: #333333;\"><span style=\"font-size: large;\">Diese Fu\u00dfmassage kann vor allem in der k\u00fchleren Jahreszeit sehr unterst\u00fctzend sein und vorbeugend Erk\u00e4ltungskrankheiten entgegenwirken, da prophylaktisch und therapeutisch der Nasen-Rachen-Raum, Luftr\u00f6hre und Bronchien positiv beeinflusst werden. Zudem k\u00f6nnen durch Aktivieren der Zonen der Bronchien, der Lunge und des Zwerchfells Erk\u00e4ltungssymptome gelindert werden. <\/span><\/span><\/p>\n<p align=\"left\"><span style=\"font-family: DejaVu Sans, sans-serif; color: #333333;\"><span style=\"font-size: large;\"><strong>Tieferes und bewussteres Atmen wird erm\u00f6glicht.<\/strong> Eine Atemorgan-Fu\u00dfmassage ist gerade jetzt sehr empfehlenswert. <\/span><\/span><\/p>\n<p align=\"left\"><span style=\"font-family: DejaVu Sans, sans-serif; color: #333333;\"><span style=\"font-size: large;\">Auch eine sch\u00f6ne Geschenkidee f\u00fcr einen lieben Menschen.<\/span><\/span><\/p>\n<p>[\/vc_column_text][\/vc_column][vc_column][\/vc_column][vc_column][\/vc_column][vc_column][\/vc_column][\/vc_row]<\/p>\n<\/section>","protected":false},"excerpt":{"rendered":"<p>[vc_row css=&#8221;.vc_custom_1654791210593{margin-right: 30px !important;}&#8221;][vc_column width=&#8221;1\/4&#8243; css=&#8221;.vc_custom_1654848446948{padding-top: 30px !important;padding-bottom: 30px !important;background-color: rgba(255,255,255,0.8) !important;*background-color: rgb(255,255,255) !important;}&#8221;][vc_single_image image=&#8221;15686&#8243; img_size=&#8221;full&#8221; css=&#8221;.vc_custom_1654518065566{margin-bottom: 44px !important;}&#8221;][\/vc_column][vc_column width=&#8221;3\/4&#8243; css=&#8221;.vc_custom_1654790340006{margin-left: 30px !important;padding-top: 30px !important;padding-right: 30px !important;padding-left: 40px !important;background-color: rgba(255,255,255,0.8) !important;*background-color: rgb(255,255,255) !important;}&#8221;][vc_column_text css=&#8221;.vc_custom_1701273789137{margin-bottom: 10px !important;}&#8221;] Atemwegserkrankungen geh\u00f6ren zu den h\u00e4ufigsten Krankheitsbildern des Menschen und sind sehr vielschichtig. Eine Ursache k\u00f6nnte sein, dass wir zu [&hellip;]<\/p>\n","protected":false},"author":1,"featured_media":0,"parent":0,"menu_order":0,"comment_status":"closed","ping_status":"closed","template":"","meta":{"footnotes":""},"class_list":["post-16511","page","type-page","status-publish","hentry"],"_links":{"self":[{"href":"https:\/\/www.balancepraxis-andreabraun.de\/praxis\/wp-json\/wp\/v2\/pages\/16511","targetHints":{"allow":["GET"]}}],"collection":[{"href":"https:\/\/www.balancepraxis-andreabraun.de\/praxis\/wp-json\/wp\/v2\/pages"}],"about":[{"href":"https:\/\/www.balancepraxis-andreabraun.de\/praxis\/wp-json\/wp\/v2\/types\/page"}],"author":[{"embeddable":true,"href":"https:\/\/www.balancepraxis-andreabraun.de\/praxis\/wp-json\/wp\/v2\/users\/1"}],"replies":[{"embeddable":true,"href":"https:\/\/www.balancepraxis-andreabraun.de\/praxis\/wp-json\/wp\/v2\/comments?post=16511"}],"version-history":[{"count":18,"href":"https:\/\/www.balancepraxis-andreabraun.de\/praxis\/wp-json\/wp\/v2\/pages\/16511\/revisions"}],"predecessor-version":[{"id":16512,"href":"https:\/\/www.balancepraxis-andreabraun.de\/praxis\/wp-json\/wp\/v2\/pages\/16511\/revisions\/16512"}],"wp:attachment":[{"href":"https:\/\/www.balancepraxis-andreabraun.de\/praxis\/wp-json\/wp\/v2\/media?parent=16511"}],"curies":[{"name":"wp","href":"https:\/\/api.w.org\/{rel}","templated":true}]}}

Atemorgan-Fußmassage

<section class="wpb-content-wrapper"><p>[vc_row css=&#8221;.vc_custom_1654791210593{margin-right: 30px !important;}&#8221;][vc_column width=&#8221;1/4&#8243; css=&#8221;.vc_custom_1654848446948{padding-top: 30px !important;padding-bottom: 30px !important;background-color: rgba(255,255,255,0.8) !important;*background-color: rgb(255,255,255) !important;}&#8221;][vc_single_image image=&#8221;15686&#8243; img_size=&#8221;full&#8221; css=&#8221;.vc_custom_1654518065566{margin-bottom: 44px !important;}&#8221;]<div class='dt-sc-toggle-group-set  gray_bg'><div class="dt-sc-toggle-frame">	<h5 class='dt-sc-toggle'><a href='#'>Fußmassage: ca. 60 Minuten 60 €</a></h5>	<div class="dt-sc-toggle-content" style="display: none;">		<div class="block">Machen Sie Ihren Lieben eine Freude: Geschenkgutschein		</div>	</div></div></div>[/vc_column][vc_column width=&#8221;3/4&#8243; css=&#8221;.vc_custom_1654790340006{margin-left: 30px !important;padding-top: 30px !important;padding-right: 30px !important;padding-left: 40px !important;background-color: rgba(255,255,255,0.8) !important;*background-color: rgb(255,255,255) !important;}&#8221;]<h1>Atemorgan-Fußmassage</h1>[vc_column_text css=&#8221;.vc_custom_1701273789137{margin-bottom: 10px !important;}&#8221;]</p>
<p align="left"><span style="font-family: DejaVu Sans, sans-serif; color: #333333;"><span style="font-size: large;">Atemwegserkrankungen gehören zu den häufigsten Krankheitsbildern des Menschen und sind sehr vielschichtig. <strong>Eine Ursache könnte sein, dass wir zu flach und unbewusst atmen.</strong></span></span></p>
<p align="left"><span style="font-family: DejaVu Sans, sans-serif; color: #333333;"><span style="font-size: large;">In der <strong>Atemorgan-Fußmassage</strong> wird die Fußreflexzonenmassage speziell im <strong>Bereich der Atemorgane</strong> durchgeführt. <strong>Durch bestimmte Fußgriffe, gepaart mit gleichzeitigen aktiven, tiefen und bewussten Atemzügen des Klienten, werden alle Bereiche des Atemsystems gut belüftet, und der Energiefluss wird angeregt.</strong></span></span></p>
<p align="left"><span style="font-family: DejaVu Sans, sans-serif; color: #333333;"><span style="font-size: large;">Diese Fußmassage kann vor allem in der kühleren Jahreszeit sehr unterstützend sein und vorbeugend Erkältungskrankheiten entgegenwirken, da prophylaktisch und therapeutisch der Nasen-Rachen-Raum, Luftröhre und Bronchien positiv beeinflusst werden. Zudem können durch Aktivieren der Zonen der Bronchien, der Lunge und des Zwerchfells Erkältungssymptome gelindert werden. </span></span></p>
<p align="left"><span style="font-family: DejaVu Sans, sans-serif; color: #333333;"><span style="font-size: large;"><strong>Tieferes und bewussteres Atmen wird ermöglicht.</strong> Eine Atemorgan-Fußmassage ist gerade jetzt sehr empfehlenswert. </span></span></p>
<p align="left"><span style="font-family: DejaVu Sans, sans-serif; color: #333333;"><span style="font-size: large;">Auch eine schöne Geschenkidee für einen lieben Menschen.</span></span></p>
<p>[/vc_column_text][/vc_column][vc_column][/vc_column][vc_column][/vc_column][vc_column][/vc_column][/vc_row]</p>
</section>

<p>[vc_row css=&#8221;.vc_custom_1654791210593{margin-right: 30px !important;}&#8221;][vc_column width=&#8221;1/4&#8243; css=&#8221;.vc_custom_1654848446948{padding-top: 30px !important;padding-bottom: 30px !important;background-color: rgba(255,255,255,0.8) !important;*background-color: rgb(255,255,255) !important;}&#8221;][vc_single_image image=&#8221;15686&#8243; img_size=&#8221;full&#8221; css=&#8221;.vc_custom_1654518065566{margin-bottom: 44px !important;}&#8221;][/vc_column][vc_column width=&#8221;3/4&#8243; css=&#8221;.vc_custom_1654790340006{margin-left: 30px !important;padding-top: 30px !important;padding-right: 30px !important;padding-left: 40px !important;background-color: rgba(255,255,255,0.8) !important;*background-color: rgb(255,255,255) !important;}&#8221;][vc_column_text css=&#8221;.vc_custom_1701273789137{margin-bottom: 10px !important;}&#8221;] Atemwegserkrankungen gehören zu den häufigsten Krankheitsbildern des Menschen und sind sehr vielschichtig. Eine Ursache könnte sein, dass wir zu [&hellip;]</p>
