{"id":16786,"date":"2024-03-24T15:05:17","date_gmt":"2024-03-24T14:05:17","guid":{"rendered":"https:\/\/www.balancepraxis-andreabraun.de\/praxis\/atemorgan-fussmassage-2\/"},"modified":"2025-05-25T15:01:34","modified_gmt":"2025-05-25T13:01:34","slug":"fuss-chakren-balance","status":"publish","type":"page","link":"https:\/\/www.balancepraxis-andreabraun.de\/praxis\/fuss-chakren-balance\/","title":{"rendered":"Fu\u00df-Chakren-Balance"},"content":{"rendered":"<section class=\"wpb-content-wrapper\"><p>[vc_row css=&#8221;.vc_custom_1654791210593{margin-right: 30px !important;}&#8221;][vc_column width=&#8221;1\/4&#8243; css=&#8221;.vc_custom_1654848446948{padding-top: 30px !important;padding-bottom: 30px !important;background-color: rgba(255,255,255,0.8) !important;*background-color: rgb(255,255,255) !important;}&#8221;][vc_single_image image=&#8221;16828&#8243; img_size=&#8221;full&#8221; css=&#8221;.vc_custom_1711983964815{margin-bottom: 44px !important;}&#8221;]<div class='dt-sc-toggle-group-set  gray_bg'><div class=\"dt-sc-toggle-frame\">\t<h5 class='dt-sc-toggle'><a href='#'>Fu\u00df-Chakren-Balance: ca. 60 Minuten 60 \u20ac<\/a><\/h5>\t<div class=\"dt-sc-toggle-content\" style=\"display: none;\">\t\t<div class=\"block\">Machen Sie Ihren Lieben eine Freude: Geschenkgutschein\t\t<\/div>\t<\/div><\/div><\/div>[\/vc_column][vc_column width=&#8221;3\/4&#8243; css=&#8221;.vc_custom_1654790340006{margin-left: 30px !important;padding-top: 30px !important;padding-right: 30px !important;padding-left: 40px !important;background-color: rgba(255,255,255,0.8) !important;*background-color: rgb(255,255,255) !important;}&#8221;]<h1>Fu\u00df-Chakren-Balance<\/h1>[vc_column_text css=&#8221;.vc_custom_1748178085903{margin-bottom: 10px !important;}&#8221;]<\/p>\n<p align=\"left\"><strong><span style=\"font-family: DejaVu Sans, sans-serif; color: #333333;\"><span style=\"font-size: large;\">Erdung und Harmonisierung \u00fcber die Fu\u00dfchakren mit einer K\u00f6rper-Stimmgabel:<br \/>\n<\/span><\/span><\/strong><\/p>\n<p align=\"left\"><span style=\"font-family: DejaVu Sans, sans-serif; color: #333333;\"><span style=\"font-size: large;\">Die<strong> sieben Fu\u00df-Chakren<\/strong> \u00f6ffnen durch ihre <strong>Verbindung zu den sieben K\u00f6rper-Chakren<\/strong> die Behandlungst\u00fcr<strong> zu allen Bereichen des K\u00f6rpers.<\/strong><\/span><\/span><\/p>\n<p align=\"left\">\n<p align=\"left\"><span style=\"font-family: DejaVu Sans, sans-serif; color: #333333;\"><span style=\"font-size: large;\">Je nach dem Thema des Klienten w\u00e4hle ich die entsprechende Stimmgabel aus, um die <strong>Chakren-Energie \u00fcber die F\u00fc\u00dfe auszugleichen. Ich lasse gerne auch die Frequenzen meines Farblichtpointers zur Harmonisierung einflie\u00dfen.<\/strong><\/span><\/span><\/p>\n<p>[\/vc_column_text][\/vc_column][vc_column][\/vc_column][vc_column][\/vc_column][vc_column][\/vc_column][\/vc_row]<\/p>\n<\/section>","protected":false},"excerpt":{"rendered":"<p>[vc_row css=&#8221;.vc_custom_1654791210593{margin-right: 30px !important;}&#8221;][vc_column width=&#8221;1\/4&#8243; css=&#8221;.vc_custom_1654848446948{padding-top: 30px !important;padding-bottom: 30px !important;background-color: rgba(255,255,255,0.8) !important;*background-color: rgb(255,255,255) !important;}&#8221;][vc_single_image image=&#8221;16828&#8243; img_size=&#8221;full&#8221; css=&#8221;.vc_custom_1711983964815{margin-bottom: 44px !important;}&#8221;][\/vc_column][vc_column width=&#8221;3\/4&#8243; css=&#8221;.vc_custom_1654790340006{margin-left: 30px !important;padding-top: 30px !important;padding-right: 30px !important;padding-left: 40px !important;background-color: rgba(255,255,255,0.8) !important;*background-color: rgb(255,255,255) !important;}&#8221;][vc_column_text css=&#8221;.vc_custom_1748178085903{margin-bottom: 10px !important;}&#8221;] Erdung und Harmonisierung \u00fcber die Fu\u00dfchakren mit einer K\u00f6rper-Stimmgabel: Die sieben Fu\u00df-Chakren \u00f6ffnen durch ihre Verbindung zu den sieben [&hellip;]<\/p>\n","protected":false},"author":1,"featured_media":0,"parent":0,"menu_order":0,"comment_status":"closed","ping_status":"closed","template":"","meta":{"footnotes":""},"class_list":["post-16786","page","type-page","status-publish","hentry"],"_links":{"self":[{"href":"https:\/\/www.balancepraxis-andreabraun.de\/praxis\/wp-json\/wp\/v2\/pages\/16786","targetHints":{"allow":["GET"]}}],"collection":[{"href":"https:\/\/www.balancepraxis-andreabraun.de\/praxis\/wp-json\/wp\/v2\/pages"}],"about":[{"href":"https:\/\/www.balancepraxis-andreabraun.de\/praxis\/wp-json\/wp\/v2\/types\/page"}],"author":[{"embeddable":true,"href":"https:\/\/www.balancepraxis-andreabraun.de\/praxis\/wp-json\/wp\/v2\/users\/1"}],"replies":[{"embeddable":true,"href":"https:\/\/www.balancepraxis-andreabraun.de\/praxis\/wp-json\/wp\/v2\/comments?post=16786"}],"version-history":[{"count":8,"href":"https:\/\/www.balancepraxis-andreabraun.de\/praxis\/wp-json\/wp\/v2\/pages\/16786\/revisions"}],"predecessor-version":[{"id":17021,"href":"https:\/\/www.balancepraxis-andreabraun.de\/praxis\/wp-json\/wp\/v2\/pages\/16786\/revisions\/17021"}],"wp:attachment":[{"href":"https:\/\/www.balancepraxis-andreabraun.de\/praxis\/wp-json\/wp\/v2\/media?parent=16786"}],"curies":[{"name":"wp","href":"https:\/\/api.w.org\/{rel}","templated":true}]}}

Fuß-Chakren-Balance

<section class="wpb-content-wrapper"><p>[vc_row css=&#8221;.vc_custom_1654791210593{margin-right: 30px !important;}&#8221;][vc_column width=&#8221;1/4&#8243; css=&#8221;.vc_custom_1654848446948{padding-top: 30px !important;padding-bottom: 30px !important;background-color: rgba(255,255,255,0.8) !important;*background-color: rgb(255,255,255) !important;}&#8221;][vc_single_image image=&#8221;16828&#8243; img_size=&#8221;full&#8221; css=&#8221;.vc_custom_1711983964815{margin-bottom: 44px !important;}&#8221;]<div class='dt-sc-toggle-group-set  gray_bg'><div class="dt-sc-toggle-frame">	<h5 class='dt-sc-toggle'><a href='#'>Fuß-Chakren-Balance: ca. 60 Minuten 60 €</a></h5>	<div class="dt-sc-toggle-content" style="display: none;">		<div class="block">Machen Sie Ihren Lieben eine Freude: Geschenkgutschein		</div>	</div></div></div>[/vc_column][vc_column width=&#8221;3/4&#8243; css=&#8221;.vc_custom_1654790340006{margin-left: 30px !important;padding-top: 30px !important;padding-right: 30px !important;padding-left: 40px !important;background-color: rgba(255,255,255,0.8) !important;*background-color: rgb(255,255,255) !important;}&#8221;]<h1>Fuß-Chakren-Balance</h1>[vc_column_text css=&#8221;.vc_custom_1748178085903{margin-bottom: 10px !important;}&#8221;]</p>
<p align="left"><strong><span style="font-family: DejaVu Sans, sans-serif; color: #333333;"><span style="font-size: large;">Erdung und Harmonisierung über die Fußchakren mit einer Körper-Stimmgabel:<br />
</span></span></strong></p>
<p align="left"><span style="font-family: DejaVu Sans, sans-serif; color: #333333;"><span style="font-size: large;">Die<strong> sieben Fuß-Chakren</strong> öffnen durch ihre <strong>Verbindung zu den sieben Körper-Chakren</strong> die Behandlungstür<strong> zu allen Bereichen des Körpers.</strong></span></span></p>
<p align="left">
<p align="left"><span style="font-family: DejaVu Sans, sans-serif; color: #333333;"><span style="font-size: large;">Je nach dem Thema des Klienten wähle ich die entsprechende Stimmgabel aus, um die <strong>Chakren-Energie über die Füße auszugleichen. Ich lasse gerne auch die Frequenzen meines Farblichtpointers zur Harmonisierung einfließen.</strong></span></span></p>
<p>[/vc_column_text][/vc_column][vc_column][/vc_column][vc_column][/vc_column][vc_column][/vc_column][/vc_row]</p>
</section>

<p>[vc_row css=&#8221;.vc_custom_1654791210593{margin-right: 30px !important;}&#8221;][vc_column width=&#8221;1/4&#8243; css=&#8221;.vc_custom_1654848446948{padding-top: 30px !important;padding-bottom: 30px !important;background-color: rgba(255,255,255,0.8) !important;*background-color: rgb(255,255,255) !important;}&#8221;][vc_single_image image=&#8221;16828&#8243; img_size=&#8221;full&#8221; css=&#8221;.vc_custom_1711983964815{margin-bottom: 44px !important;}&#8221;][/vc_column][vc_column width=&#8221;3/4&#8243; css=&#8221;.vc_custom_1654790340006{margin-left: 30px !important;padding-top: 30px !important;padding-right: 30px !important;padding-left: 40px !important;background-color: rgba(255,255,255,0.8) !important;*background-color: rgb(255,255,255) !important;}&#8221;][vc_column_text css=&#8221;.vc_custom_1748178085903{margin-bottom: 10px !important;}&#8221;] Erdung und Harmonisierung über die Fußchakren mit einer Körper-Stimmgabel: Die sieben Fuß-Chakren öffnen durch ihre Verbindung zu den sieben [&hellip;]</p>
