{"id":5799,"date":"2019-01-01T07:48:30","date_gmt":"2019-01-01T06:48:30","guid":{"rendered":"http:\/\/www.balancepraxis-andreabraun.de\/praxis\/?page_id=5799"},"modified":"2026-04-12T14:51:49","modified_gmt":"2026-04-12T12:51:49","slug":"ueber_mich","status":"publish","type":"page","link":"https:\/\/www.balancepraxis-andreabraun.de\/praxis\/ueber_mich\/","title":{"rendered":"\u00dcber mich"},"content":{"rendered":"<section class=\"wpb-content-wrapper\"><p>[vc_row css=&#8221;.vc_custom_1652963967649{padding-top: 30px !important;padding-right: 20px !important;padding-left: 20px !important;background-color: rgba(255,255,255,0.8) !important;*background-color: rgb(255,255,255) !important;}&#8221;][vc_column width=&#8221;1\/4&#8243;]<div id=\"1703356097389-f7d4c9d0-acea\" class=\"dt-sc-empty-space\"><\/div>[vc_single_image image=&#8221;15518&#8243; img_size=&#8221;300&#215;144&#8243;]<div id=\"1703356085769-778742c0-6b5d\" class=\"dt-sc-empty-space\"><\/div>[vc_single_image image=&#8221;15830&#8243; img_size=&#8221;large&#8221;][\/vc_column][vc_column width=&#8221;3\/4&#8243;][vc_column_text el_class=&#8221;buddha&#8221;]<\/p>\n<h2>MUTivatorin &amp; Inspiratorin mit Herz<\/h2>\n<p>[\/vc_column_text][vc_column_text]<\/p>\n<p align=\"left\"><span style=\"font-family: DejaVu Sans, sans-serif; color: #333333;\"><span style=\"font-size: large;\">Mein Name ist Andrea Braun, geboren 1962, bin Mutter zweier erwachsener Kinder und habe mich im Jahr 2012 auf einen besonderen Weg begeben &#8211; auf die Reise zu mir selbst.<\/span><\/span><\/p>\n<p><span style=\"font-family: DejaVu Sans, sans-serif; color: #333333;\"><span style=\"font-size: large;\">Meine zweij\u00e4hrige Kinesiologie-Ausbildung hat mich mit jeder Balance (kinesiologische Sitzung) n\u00e4her zu mir selbst gebracht. Viele Denk-, Glaubens- und Verhaltensmuster, die mich bis dahin fast ein halbes Jahrhundert begleitet hatten, durften nach und nach mein K\u00f6rper-Geist-Seele-System verlassen.<\/span><\/span><\/p>\n<p><span style=\"font-family: DejaVu Sans, sans-serif; color: #333333;\"><span style=\"font-size: large;\">Es war teilweise anstrengend und ziemlich unbequem, aber heute weiss ich, dass es erforderlich war, damit ich meine Komfortzone verlie\u00df, um neue Wege zu beschreiten.<\/span><\/span><\/p>\n<p><span style=\"font-family: DejaVu Sans, sans-serif; color: #333333;\"><span style=\"font-size: large;\">Aus einem eher zur\u00fcckhaltenden, immer mit sich selbst hadernden Menschen wurde nach und nach eine strahlende, mutige Pers\u00f6nlichkeit.<\/span><\/span><\/p>\n<p><span style=\"font-family: DejaVu Sans, sans-serif; color: #333333;\"><span style=\"font-size: large;\">Es war ein Entwicklungs- und Entfaltungsprozess, den ich gerne als Metamorphose bezeichnen m\u00f6chte, da ich einige Phasen des Durchr\u00fcttelns und Durchsch\u00fcttelns durchstehen und einige Wiederholungsschleifen drehen durfte, bis ich mich freier und freier f\u00fchlen konnte.<\/span><\/span><\/p>\n<p><span style=\"font-family: DejaVu Sans, sans-serif; color: #333333;\"><span style=\"font-size: large;\">Nun lebe ich jeden Tag bewusster, meist voller Freude und Leichtigkeit. Und wenn sich mal graue Momente einschleichen, dann weiss ich, dass sie wichtig f\u00fcr mich sind, um mir noch das eine oder andere Thema anzuschauen und etwas zu ver\u00e4ndern.<\/span><\/span><\/p>\n<p><span style=\"font-family: DejaVu Sans, sans-serif; color: #333333;\"><span style=\"font-size: large;\">Als MUTivatorin &amp; Inspiratorin mit Herz ist es mir besonders wichtig, meine Erfahrungen mit Menschen zu teilen, die bereit sind, sich auf ihren ureigenen Weg &#8211; <strong>die Reise zu sich selbst<\/strong> &#8211; zu begeben und die sich nicht davor scheuen, Eigenverantwortung zu \u00fcbernehmen. <\/span><\/span><\/p>\n<p><span style=\"font-family: DejaVu Sans, sans-serif; color: #333333;\"><span style=\"font-size: large;\">Hierzu biete ich ein einzigartiges Energie-Coaching an, in dem ich gemeinsam mit Dir Deine Thematik betrachte, wir zusammen die L\u00f6sung &#8220;erarbeiten&#8221; und gleichzeitig die blockierenden, tiefsitzenden Gedanken-\/Verhaltensmuster aufgel\u00f6st werden. Klingt vielleicht f\u00fcr Dich unvorstellbar &#8211; ist aber m\u00f6glich.Wenn Dich meine <strong>Ganzheitliche Energie-Harmonisierung<\/strong> anspricht und Du neugierig bist, buche gerne einen Termin.<\/span><\/span><\/p>\n<p><span style=\"font-family: DejaVu Sans, sans-serif; color: #333333;\"><span style=\"font-size: large;\">F\u00fcr Menschen, die bereit f\u00fcr eine wahre, tiefgreifende\u00a0 Ver\u00e4nderung in ihrem Leben sind, meine <strong>Transformationsbegleitung &#8220;<a href=\"https:\/\/www.balancepraxis-andreabraun.de\/praxis\/transformationsbegleitung\/\">3 Monate MUT &amp; Inspiration &#8211; Dein Weg der Metamorphose<\/a>&#8220;<\/strong> an.<\/span><\/span><\/p>\n<p><span style=\"font-family: DejaVu Sans, sans-serif; color: #333333;\"><span style=\"font-size: large;\">In meinem <strong>Raum f\u00fcr Begegnung<\/strong> <strong>finden regelm\u00e4\u00dfig <\/strong><a href=\"https:\/\/www.balancepraxis-andreabraun.de\/praxis\/angebote_und_termine\/\"><strong>Workshops\/Vortr\u00e4ge<\/strong><\/a> und <a href=\"https:\/\/www.balancepraxis-andreabraun.de\/praxis\/angebote_und_termine\/\"><strong>Seminare f\u00fcr Gruppen<\/strong><\/a> statt, da es mir ein Herzensanliegen ist, den Menschen <strong>&#8220;Selbsthilfe-Werkzeuge&#8221;<\/strong> an die Hand zu geben. Entsprechende <strong>Angebote und Termine<\/strong> findest Du <a href=\"https:\/\/www.balancepraxis-andreabraun.de\/praxis\/angebote_und_termine\/\"><strong>hier<\/strong>.<\/a><br \/>\n<\/span><\/span><\/p>\n<p><span style=\"font-family: DejaVu Sans, sans-serif; color: #333333;\"><span style=\"font-size: large;\">Gerne verw\u00f6hne ich Dich auch mit einer<strong> sanften energetischen Fu\u00dfmassage<\/strong>, die ebenfalls <strong>ganzheitlich<\/strong> wirkt. Hierzu biete ich <strong>spezielle Massagen<\/strong> an.<br \/>\n<\/span><\/span><\/p>\n<p><span style=\"font-family: DejaVu Sans, sans-serif; color: #333333;\"><span style=\"font-size: large;\">Da es mir sehr am Herzen liegt, Menschen zu begleiten und zusammenzuf\u00fchren, wurde die Idee des Raumes f\u00fcr Begegnung gleichzeitig mit dem Gedanken, eine Praxis zu er\u00f6ffnen, geboren.<\/span><\/span><\/p>\n<p><span style=\"font-family: DejaVu Sans, sans-serif; color: #333333;\"><span style=\"font-size: large;\">Da ich auf meinem Weg viele wertvolle Impulse und Inspirationen in Form von B\u00fcchern erhalten habe, wurden mein Raum f\u00fcr Begegnung und die Balancepraxis durch die ganzheitliche\/spirituelle Bibliothek \u201e<strong><a href=\"https:\/\/www.balancepraxis-andreabraun.de\/praxis\/bibliothek\/\">Buch &amp; Spirit<\/a><\/strong>\u201c erg\u00e4nzt, in der ich die M\u00f6glichkeit biete, kostenfrei B\u00fccher und andere Medien auszuleihen.<\/span><\/span><\/p>\n<p><span style=\"font-family: DejaVu Sans, sans-serif; color: #333333;\"><span style=\"font-size: large;\">Ich freue mich sehr, wenn wir uns in meinem <strong>Raum f\u00fcr Begegnung,<\/strong> meiner <strong>Bibliothek Buch &amp; Spirit<\/strong> oder meiner <strong>Balancepraxis<\/strong> begegnen d\u00fcrfen. Gerne unterst\u00fctze ich Dich auf Deinem Weg in ein Leben, wie Du es f\u00fcr Dich w\u00e4hlst.<br \/>\n<\/span><\/span><\/p>\n<p><span style=\"font-family: DejaVu Sans, sans-serif; color: #333333;\"><span style=\"font-size: large;\">In diesem Video erf\u00e4hrst Du, wie ich zur Kinesiologie und zu Lifewave gefunden habe:<br \/>\n<\/span><\/span><\/p>\n<p>https:\/\/www.youtube.com\/watch?v=d1vvjGsFP6E[\/vc_column_text][\/vc_column][\/vc_row]<\/p>\n<\/section>","protected":false},"excerpt":{"rendered":"<p>[vc_row css=&#8221;.vc_custom_1652963967649{padding-top: 30px !important;padding-right: 20px !important;padding-left: 20px !important;background-color: rgba(255,255,255,0.8) !important;*background-color: rgb(255,255,255) !important;}&#8221;][vc_column width=&#8221;1\/4&#8243;][vc_single_image image=&#8221;15518&#8243; img_size=&#8221;300&#215;144&#8243;][vc_single_image image=&#8221;15830&#8243; img_size=&#8221;large&#8221;][\/vc_column][vc_column width=&#8221;3\/4&#8243;][vc_column_text el_class=&#8221;buddha&#8221;] MUTivatorin &amp; Inspiratorin mit Herz [\/vc_column_text][vc_column_text] Mein Name ist Andrea Braun, geboren 1962, bin Mutter zweier erwachsener Kinder und habe mich im Jahr 2012 auf einen besonderen Weg begeben &#8211; auf die Reise zu mir selbst. [&hellip;]<\/p>\n","protected":false},"author":1,"featured_media":0,"parent":0,"menu_order":0,"comment_status":"closed","ping_status":"closed","template":"","meta":{"footnotes":""},"class_list":["post-5799","page","type-page","status-publish","hentry"],"_links":{"self":[{"href":"https:\/\/www.balancepraxis-andreabraun.de\/praxis\/wp-json\/wp\/v2\/pages\/5799","targetHints":{"allow":["GET"]}}],"collection":[{"href":"https:\/\/www.balancepraxis-andreabraun.de\/praxis\/wp-json\/wp\/v2\/pages"}],"about":[{"href":"https:\/\/www.balancepraxis-andreabraun.de\/praxis\/wp-json\/wp\/v2\/types\/page"}],"author":[{"embeddable":true,"href":"https:\/\/www.balancepraxis-andreabraun.de\/praxis\/wp-json\/wp\/v2\/users\/1"}],"replies":[{"embeddable":true,"href":"https:\/\/www.balancepraxis-andreabraun.de\/praxis\/wp-json\/wp\/v2\/comments?post=5799"}],"version-history":[{"count":46,"href":"https:\/\/www.balancepraxis-andreabraun.de\/praxis\/wp-json\/wp\/v2\/pages\/5799\/revisions"}],"predecessor-version":[{"id":17064,"href":"https:\/\/www.balancepraxis-andreabraun.de\/praxis\/wp-json\/wp\/v2\/pages\/5799\/revisions\/17064"}],"wp:attachment":[{"href":"https:\/\/www.balancepraxis-andreabraun.de\/praxis\/wp-json\/wp\/v2\/media?parent=5799"}],"curies":[{"name":"wp","href":"https:\/\/api.w.org\/{rel}","templated":true}]}}

Über mich

<section class="wpb-content-wrapper"><p>[vc_row css=&#8221;.vc_custom_1652963967649{padding-top: 30px !important;padding-right: 20px !important;padding-left: 20px !important;background-color: rgba(255,255,255,0.8) !important;*background-color: rgb(255,255,255) !important;}&#8221;][vc_column width=&#8221;1/4&#8243;]<div id="1703356097389-f7d4c9d0-acea" class="dt-sc-empty-space"></div>[vc_single_image image=&#8221;15518&#8243; img_size=&#8221;300&#215;144&#8243;]<div id="1703356085769-778742c0-6b5d" class="dt-sc-empty-space"></div>[vc_single_image image=&#8221;15830&#8243; img_size=&#8221;large&#8221;][/vc_column][vc_column width=&#8221;3/4&#8243;][vc_column_text el_class=&#8221;buddha&#8221;]</p>
<h2>MUTivatorin &amp; Inspiratorin mit Herz</h2>
<p>[/vc_column_text][vc_column_text]</p>
<p align="left"><span style="font-family: DejaVu Sans, sans-serif; color: #333333;"><span style="font-size: large;">Mein Name ist Andrea Braun, geboren 1962, bin Mutter zweier erwachsener Kinder und habe mich im Jahr 2012 auf einen besonderen Weg begeben &#8211; auf die Reise zu mir selbst.</span></span></p>
<p><span style="font-family: DejaVu Sans, sans-serif; color: #333333;"><span style="font-size: large;">Meine zweijährige Kinesiologie-Ausbildung hat mich mit jeder Balance (kinesiologische Sitzung) näher zu mir selbst gebracht. Viele Denk-, Glaubens- und Verhaltensmuster, die mich bis dahin fast ein halbes Jahrhundert begleitet hatten, durften nach und nach mein Körper-Geist-Seele-System verlassen.</span></span></p>
<p><span style="font-family: DejaVu Sans, sans-serif; color: #333333;"><span style="font-size: large;">Es war teilweise anstrengend und ziemlich unbequem, aber heute weiss ich, dass es erforderlich war, damit ich meine Komfortzone verließ, um neue Wege zu beschreiten.</span></span></p>
<p><span style="font-family: DejaVu Sans, sans-serif; color: #333333;"><span style="font-size: large;">Aus einem eher zurückhaltenden, immer mit sich selbst hadernden Menschen wurde nach und nach eine strahlende, mutige Persönlichkeit.</span></span></p>
<p><span style="font-family: DejaVu Sans, sans-serif; color: #333333;"><span style="font-size: large;">Es war ein Entwicklungs- und Entfaltungsprozess, den ich gerne als Metamorphose bezeichnen möchte, da ich einige Phasen des Durchrüttelns und Durchschüttelns durchstehen und einige Wiederholungsschleifen drehen durfte, bis ich mich freier und freier fühlen konnte.</span></span></p>
<p><span style="font-family: DejaVu Sans, sans-serif; color: #333333;"><span style="font-size: large;">Nun lebe ich jeden Tag bewusster, meist voller Freude und Leichtigkeit. Und wenn sich mal graue Momente einschleichen, dann weiss ich, dass sie wichtig für mich sind, um mir noch das eine oder andere Thema anzuschauen und etwas zu verändern.</span></span></p>
<p><span style="font-family: DejaVu Sans, sans-serif; color: #333333;"><span style="font-size: large;">Als MUTivatorin &amp; Inspiratorin mit Herz ist es mir besonders wichtig, meine Erfahrungen mit Menschen zu teilen, die bereit sind, sich auf ihren ureigenen Weg &#8211; <strong>die Reise zu sich selbst</strong> &#8211; zu begeben und die sich nicht davor scheuen, Eigenverantwortung zu übernehmen. </span></span></p>
<p><span style="font-family: DejaVu Sans, sans-serif; color: #333333;"><span style="font-size: large;">Hierzu biete ich ein einzigartiges Energie-Coaching an, in dem ich gemeinsam mit Dir Deine Thematik betrachte, wir zusammen die Lösung &#8220;erarbeiten&#8221; und gleichzeitig die blockierenden, tiefsitzenden Gedanken-/Verhaltensmuster aufgelöst werden. Klingt vielleicht für Dich unvorstellbar &#8211; ist aber möglich.Wenn Dich meine <strong>Ganzheitliche Energie-Harmonisierung</strong> anspricht und Du neugierig bist, buche gerne einen Termin.</span></span></p>
<p><span style="font-family: DejaVu Sans, sans-serif; color: #333333;"><span style="font-size: large;">Für Menschen, die bereit für eine wahre, tiefgreifende  Veränderung in ihrem Leben sind, meine <strong>Transformationsbegleitung &#8220;<a href="https://www.balancepraxis-andreabraun.de/praxis/transformationsbegleitung/">3 Monate MUT &amp; Inspiration &#8211; Dein Weg der Metamorphose</a>&#8220;</strong> an.</span></span></p>
<p><span style="font-family: DejaVu Sans, sans-serif; color: #333333;"><span style="font-size: large;">In meinem <strong>Raum für Begegnung</strong> <strong>finden regelmäßig </strong><a href="https://www.balancepraxis-andreabraun.de/praxis/angebote_und_termine/"><strong>Workshops/Vorträge</strong></a> und <a href="https://www.balancepraxis-andreabraun.de/praxis/angebote_und_termine/"><strong>Seminare für Gruppen</strong></a> statt, da es mir ein Herzensanliegen ist, den Menschen <strong>&#8220;Selbsthilfe-Werkzeuge&#8221;</strong> an die Hand zu geben. Entsprechende <strong>Angebote und Termine</strong> findest Du <a href="https://www.balancepraxis-andreabraun.de/praxis/angebote_und_termine/"><strong>hier</strong>.</a><br />
</span></span></p>
<p><span style="font-family: DejaVu Sans, sans-serif; color: #333333;"><span style="font-size: large;">Gerne verwöhne ich Dich auch mit einer<strong> sanften energetischen Fußmassage</strong>, die ebenfalls <strong>ganzheitlich</strong> wirkt. Hierzu biete ich <strong>spezielle Massagen</strong> an.<br />
</span></span></p>
<p><span style="font-family: DejaVu Sans, sans-serif; color: #333333;"><span style="font-size: large;">Da es mir sehr am Herzen liegt, Menschen zu begleiten und zusammenzuführen, wurde die Idee des Raumes für Begegnung gleichzeitig mit dem Gedanken, eine Praxis zu eröffnen, geboren.</span></span></p>
<p><span style="font-family: DejaVu Sans, sans-serif; color: #333333;"><span style="font-size: large;">Da ich auf meinem Weg viele wertvolle Impulse und Inspirationen in Form von Büchern erhalten habe, wurden mein Raum für Begegnung und die Balancepraxis durch die ganzheitliche/spirituelle Bibliothek „<strong><a href="https://www.balancepraxis-andreabraun.de/praxis/bibliothek/">Buch &amp; Spirit</a></strong>“ ergänzt, in der ich die Möglichkeit biete, kostenfrei Bücher und andere Medien auszuleihen.</span></span></p>
<p><span style="font-family: DejaVu Sans, sans-serif; color: #333333;"><span style="font-size: large;">Ich freue mich sehr, wenn wir uns in meinem <strong>Raum für Begegnung,</strong> meiner <strong>Bibliothek Buch &amp; Spirit</strong> oder meiner <strong>Balancepraxis</strong> begegnen dürfen. Gerne unterstütze ich Dich auf Deinem Weg in ein Leben, wie Du es für Dich wählst.<br />
</span></span></p>
<p><span style="font-family: DejaVu Sans, sans-serif; color: #333333;"><span style="font-size: large;">In diesem Video erfährst Du, wie ich zur Kinesiologie und zu Lifewave gefunden habe:<br />
</span></span></p>
<p>https://www.youtube.com/watch?v=d1vvjGsFP6E[/vc_column_text][/vc_column][/vc_row]</p>
</section>
